{"id":2,"date":"2025-11-14T10:56:29","date_gmt":"2025-11-14T10:56:29","guid":{"rendered":"http:\/\/psynova.fr\/?page_id=2"},"modified":"2025-12-07T14:50:52","modified_gmt":"2025-12-07T14:50:52","slug":"sample-page","status":"publish","type":"page","link":"https:\/\/psynova.fr\/index.php\/sample-page\/","title":{"rendered":"A propos de PSYNOVA"},"content":{"rendered":"\n<div class=\"wp-block-group alignfull has-global-padding is-content-justification-center is-layout-constrained wp-block-group-is-layout-constrained\" style=\"margin-top:0;margin-bottom:0\">\n<div style=\"height:var(--wp--preset--spacing--20)\" aria-hidden=\"true\" class=\"wp-block-spacer\"><\/div>\n\n\n\n<div class=\"wp-block-group alignwide is-layout-flow wp-block-group-is-layout-flow\">\n<div class=\"wp-block-columns alignwide are-vertically-aligned-top is-layout-flex wp-container-core-columns-is-layout-5c8fb865 wp-block-columns-is-layout-flex\">\n<div class=\"wp-block-column is-vertically-aligned-top has-global-padding is-content-justification-left is-layout-constrained wp-container-core-column-is-layout-95996b15 wp-block-column-is-layout-constrained\">\n<h2 class=\"wp-block-heading\">\u00c0 la Crois\u00e9e de la <mark style=\"background-color:rgba(0, 0, 0, 0)\" class=\"has-inline-color has-primary-color\"><strong>Psychologie<\/strong><\/mark> et de la <mark style=\"background-color:rgba(0, 0, 0, 0)\" class=\"has-inline-color has-primary-color\"><strong>Technologie<\/strong><\/mark><\/h2>\n<\/div>\n\n\n\n<div class=\"wp-block-column is-layout-flow wp-block-column-is-layout-flow\">\n<figure class=\"wp-block-image aligncenter size-full is-resized\"><img loading=\"lazy\" decoding=\"async\" width=\"750\" height=\"981\" src=\"https:\/\/psynova.fr\/wp-content\/uploads\/2025\/11\/Dr-Didier-Perrot-Psynova-IA.webp\" alt=\"\" class=\"wp-image-182\" style=\"width:281px;height:auto\" srcset=\"https:\/\/psynova.fr\/wp-content\/uploads\/2025\/11\/Dr-Didier-Perrot-Psynova-IA.webp 750w, https:\/\/psynova.fr\/wp-content\/uploads\/2025\/11\/Dr-Didier-Perrot-Psynova-IA-229x300.webp 229w\" sizes=\"auto, (max-width: 750px) 100vw, 750px\" \/><figcaption class=\"wp-element-caption\">Didier Perrot Docteur en Psychologie<\/figcaption><\/figure>\n<\/div>\n\n\n\n<div class=\"wp-block-column is-vertically-aligned-top is-layout-flow wp-block-column-is-layout-flow\" style=\"flex-basis:40%\">\n<p>\u00c0 Propos de <mark style=\"background-color:rgba(0, 0, 0, 0)\" class=\"has-inline-color has-primary-color\">PSYNOVA<\/mark><\/p>\n\n\n\n<p>Bienvenue sur PSYNOVA, une plateforme innovante d\u00e9di\u00e9e au bien-\u00eatre mental et \u00e9motionnel. Je suis Didier Perrot, Docteur en Psychologie et psychologue, et j&rsquo;ai cr\u00e9\u00e9 cet espace pour allier ma passion pour la psychologie \u00e0 mon expertise en technologie.<\/p>\n\n\n\n<p>Mon parcours acad\u00e9mique comprend \u00e9galement un mast\u00e8re sp\u00e9cialis\u00e9 en ing\u00e9nierie des m\u00e9dias num\u00e9riques, coupl\u00e9 \u00e0 une exp\u00e9rience significative dans le domaine de l&rsquo;ing\u00e9nierie informatique, o\u00f9 j&rsquo;ai travaill\u00e9 sur divers projets multim\u00e9dias. En parall\u00e8le, j&rsquo;ai consacr\u00e9 plusieurs ann\u00e9es \u00e0 la recherche sur le Facteur Humain et l&rsquo;intelligence artificielle, explorant la mani\u00e8re dont ces deux domaines interagissent et influencent notre quotidien.<\/p>\n\n\n\n<p>Avec PSYNOVA, je crois fermement que la technologie peut \u00eatre mise au service du bien-\u00eatre. Ma vision est de proposer des solutions innovantes, personnalis\u00e9es et accessibles \u00e0 tous. Ici, vous trouverez des outils et des ressources qui vous aideront \u00e0 naviguer dans les d\u00e9fis \u00e9motionnels et \u00e0 favoriser votre \u00e9panouissement personnel.<\/p>\n\n\n\n<p>Merci de faire partie de cette aventure. Ensemble, ouvrons la porte vers un avenir \u00e9clair\u00e9 et enrichissant.<\/p>\n\n\n\n<div class=\"wp-block-buttons is-layout-flex wp-block-buttons-is-layout-flex\">\n<div class=\"wp-block-button\"><a class=\"wp-block-button__link wp-element-button\" href=\"https:\/\/psynova.fr\/index.php\/services\/\">D\u00e9couvrir<\/a><\/div>\n<\/div>\n<\/div>\n<\/div>\n\n\n\n<div style=\"height:var(--wp--preset--spacing--20)\" aria-hidden=\"true\" class=\"wp-block-spacer\"><\/div>\n<\/div>\n\n\n\n<div style=\"height:var(--wp--preset--spacing--20)\" aria-hidden=\"true\" class=\"wp-block-spacer\"><\/div>\n<\/div>\n","protected":false},"excerpt":{"rendered":"<p>\u00c0 la Crois\u00e9e de la Psychologie et de la Technologie \u00c0 Propos de PSYNOVA Bienvenue sur PSYNOVA, une plateforme innovante d\u00e9di\u00e9e au bien-\u00eatre mental et \u00e9motionnel. Je suis Didier Perrot, Docteur en Psychologie et psychologue, et j&rsquo;ai cr\u00e9\u00e9 cet espace pour allier ma passion pour la psychologie \u00e0 mon expertise en technologie. Mon parcours acad\u00e9mique [&hellip;]<\/p>\n","protected":false},"author":1,"featured_media":7,"parent":0,"menu_order":0,"comment_status":"closed","ping_status":"open","template":"","meta":{"footnotes":""},"class_list":["post-2","page","type-page","status-publish","has-post-thumbnail","hentry"],"_links":{"self":[{"href":"https:\/\/psynova.fr\/index.php\/wp-json\/wp\/v2\/pages\/2","targetHints":{"allow":["GET"]}}],"collection":[{"href":"https:\/\/psynova.fr\/index.php\/wp-json\/wp\/v2\/pages"}],"about":[{"href":"https:\/\/psynova.fr\/index.php\/wp-json\/wp\/v2\/types\/page"}],"author":[{"embeddable":true,"href":"https:\/\/psynova.fr\/index.php\/wp-json\/wp\/v2\/users\/1"}],"replies":[{"embeddable":true,"href":"https:\/\/psynova.fr\/index.php\/wp-json\/wp\/v2\/comments?post=2"}],"version-history":[{"count":6,"href":"https:\/\/psynova.fr\/index.php\/wp-json\/wp\/v2\/pages\/2\/revisions"}],"predecessor-version":[{"id":429,"href":"https:\/\/psynova.fr\/index.php\/wp-json\/wp\/v2\/pages\/2\/revisions\/429"}],"wp:featuredmedia":[{"embeddable":true,"href":"https:\/\/psynova.fr\/index.php\/wp-json\/wp\/v2\/media\/7"}],"wp:attachment":[{"href":"https:\/\/psynova.fr\/index.php\/wp-json\/wp\/v2\/media?parent=2"}],"curies":[{"name":"wp","href":"https:\/\/api.w.org\/{rel}","templated":true}]}}