{"id":106,"date":"2025-11-19T12:57:59","date_gmt":"2025-11-19T12:57:59","guid":{"rendered":"https:\/\/psynova.fr\/index.php\/membership-join\/"},"modified":"2025-11-27T16:02:30","modified_gmt":"2025-11-27T16:02:30","slug":"membership-join","status":"publish","type":"page","link":"https:\/\/psynova.fr\/index.php\/membership-join\/","title":{"rendered":"Psynova : choisissez votre niveau d\u2019accompagnement"},"content":{"rendered":"\n<div class=\"wp-block-group r-spacing is-layout-flow wp-block-group-is-layout-flow has-background\" style=\"margin-top:0;margin-bottom:80px;padding-top:0px;padding-bottom:0px;background-position:50% 50%;background-size:cover;\">\n<div class=\"wp-block-cover banner-cover\" style=\"margin-top:0;margin-bottom:0;padding-top:80px;padding-right:20px;padding-bottom:80px;padding-left:20px;min-height:2512px;aspect-ratio:unset;\"><img decoding=\"async\" class=\"wp-block-cover__image-background wp-image-866 size-full\" alt=\"\" src=\"https:\/\/psynova.fr\/wp-content\/themes\/agencygrove-dark\/assets\/images\/banner.jpg\" style=\"object-position:57% 53%\" data-object-fit=\"cover\" data-object-position=\"57% 53%\"\/><span aria-hidden=\"true\" class=\"wp-block-cover__background has-base-2-background-color has-background-dim-100 has-background-dim\"><\/span><div class=\"wp-block-cover__inner-container has-global-padding is-layout-constrained wp-container-core-cover-is-layout-7c9fa066 wp-block-cover-is-layout-constrained\">\n<div class=\"wp-block-columns are-vertically-aligned-center animate__animated animate__fadeInUp is-layout-flex wp-container-core-columns-is-layout-ec2e7a44 wp-block-columns-is-layout-flex\" style=\"padding-top:0;padding-bottom:0\">\n<div class=\"wp-block-column is-vertically-aligned-center is-layout-flow wp-block-column-is-layout-flow\" style=\"padding-top:40px;padding-bottom:40px\">\n<h1 class=\"wp-block-heading\">Freemium ou <mark style=\"background-color:rgba(0, 0, 0, 0)\" class=\"has-inline-color has-primary-color\">Premium<\/mark><\/h1>\n\n\n\n<p>Chez <strong>Psynova<\/strong>, vous \u00eates libre de commencer \u00e0 votre rythme.<br>Nous proposons deux niveaux d\u2019accompagnement :<br><strong>Freemium<\/strong>, pour d\u00e9couvrir la plateforme,<br>et <strong>Premium<\/strong>, pour un suivi complet et continu.<\/p>\n\n\n\n<hr class=\"wp-block-separator has-alpha-channel-opacity\"\/>\n\n\n\n<h2 class=\"wp-block-heading\"><strong>Freemium \u2014 Pour D\u00e9couvrir, se soulager doucement<\/strong><\/h2>\n\n\n\n<p>Le Freemium vous offre un premier espace pour d\u00e9poser ce que vous ressentez et recevoir une aide imm\u00e9diate.<\/p>\n\n\n\n<p><strong>Inclus dans l\u2019offre Freemium :<\/strong><\/p>\n\n\n\n<ul class=\"wp-block-list\">\n<li>Acc\u00e8s illimit\u00e9 de 48h \u00e0 <strong>Eva<\/strong>, votre psy virtuel d\u2019\u00e9coute et de soutien \u00e9motionnel<\/li>\n\n\n\n<li>Un <strong>mini-bilan \u00e9motionnel<\/strong> personnalis\u00e9<\/li>\n\n\n\n<li>Une <strong>session de d\u00e9couverte<\/strong> avec un psychologue humain (15 minutes)<\/li>\n\n\n\n<li>Des outils de bien-\u00eatre simples pour vous apaiser au quotidien<\/li>\n<\/ul>\n\n\n\n<p>Le Freemium est parfait pour faire un premier pas, briser l\u2019isolement et commencer \u00e0 reprendre le contr\u00f4le de votre \u00e9quilibre \u00e9motionnel.<\/p>\n\n\n\n<blockquote class=\"wp-block-quote is-layout-flow wp-block-quote-is-layout-flow\">\n<h2 class=\"wp-block-heading\"><strong><mark style=\"background-color:rgba(0, 0, 0, 0)\" class=\"has-inline-color has-primary-color\">Freemium : un soutien essentiel, quand vous en avez besoin.<\/mark><\/strong><\/h2>\n\n\n\n<div class=\"wp-block-buttons is-layout-flex wp-block-buttons-is-layout-flex\">\n<div class=\"wp-block-button\"><a class=\"wp-block-button__link wp-element-button\" href=\"https:\/\/psynova.fr\/index.php\/membership-join\/membership-registration\/\">D\u00e9couvrir<\/a><\/div>\n<\/div>\n<\/blockquote>\n\n\n\n<hr class=\"wp-block-separator has-alpha-channel-opacity\"\/>\n\n\n\n<h2 class=\"wp-block-heading\"><strong>Premium \u2014 Votre \u00e9quipe de 5 psys, 24h\/24, pour un vrai changement<\/strong><\/h2>\n\n\n\n<p>L\u2019offre Premium d\u00e9bloque tout le potentiel de Psynova :<br>c\u2019est un accompagnement r\u00e9el, complet et supervis\u00e9, con\u00e7u pour transformer votre bien-\u00eatre sur le long terme.<\/p>\n\n\n\n<p><strong>Inclus dans l\u2019offre Premium (80 \u20ac\/mois) :<\/strong><\/p>\n\n\n\n<ul class=\"wp-block-list\">\n<li><strong>1 consultation mensuelle<\/strong> avec un psychologue dipl\u00f4m\u00e9<\/li>\n\n\n\n<li>Acc\u00e8s illimit\u00e9 \u00e0 <strong>quatre psys virtuels compl\u00e9mentaires :<\/strong><\/li>\n\n\n\n<li><strong>Elise Moreau <\/strong>\u2014 soutien \u00e9motionnel<\/li>\n\n\n\n<li><strong>Alain Delmasse<\/strong> \u2014 motivation et strat\u00e9gies concr\u00e8tes<\/li>\n\n\n\n<li><strong>Eva Delaunay<\/strong> \u2014 introspection et compr\u00e9hension de soi<\/li>\n\n\n\n<li><strong>Franck Legall <\/strong>\u2014 lucidit\u00e9, analyse et clart\u00e9 psychologique<\/li>\n\n\n\n<li>Une <strong>m\u00e9moire \u00e9motionnelle intelligente<\/strong> qui suit votre \u00e9volution<\/li>\n\n\n\n<li>Un programme d\u2019exercices th\u00e9rapeutiques personnalis\u00e9s<\/li>\n\n\n\n<li>Une <strong>supervision humaine<\/strong> pour garantir s\u00e9curit\u00e9 et coh\u00e9rence<\/li>\n\n\n\n<li>Une disponibilit\u00e9 <strong>7j\/7 et 24h\/24<\/strong>, sans rendez-vous, sans attente<\/li>\n\n\n\n<li>Des recommandations sur mesure adapt\u00e9es \u00e0 vos besoins<\/li>\n<\/ul>\n\n\n\n<blockquote class=\"wp-block-quote is-layout-flow wp-block-quote-is-layout-flow\">\n<h2 class=\"wp-block-heading\"><strong><mark style=\"background-color:rgba(0, 0, 0, 0)\" class=\"has-inline-color has-primary-color\">Premium : un accompagnement continu, une \u00e9quipe autour de vous, un v\u00e9ritable changement.<\/mark><\/strong><\/h2>\n\n\n<div class=\"swpm-payment-button\"><div class=\"swpm-button-wrapper swpm-stripe-buy-now-wrapper\"><form id='swpm-stripe-payment-form-5429e3db486a3e7f17a605d44e7183a5' action='https:\/\/psynova.fr\/?swpm_process_stripe_sca_buy_now=1&ref_id=swpm_5429e3db486a3e7f17a605d44e7183a5|284' METHOD='POST'> <div style='display: none !important'>\t<script>\n        document.addEventListener('DOMContentLoaded', function (){\n            const swpmStripeSCAPaymentFrom = document.getElementById('swpm-stripe-payment-form-5429e3db486a3e7f17a605d44e7183a5');\n            swpmStripeSCAPaymentFrom?.addEventListener('submit', async function (e){\n                e.preventDefault();\n\n                let submitBUtton = this.querySelector('button');\n                if ( ! submitBUtton ){\n                    \/\/ Using image type button\n                    submitBUtton = this.querySelector('input[type=\"image\"]');\n                }\n\n                submitBUtton?.setAttribute('disabled', true);\n\n                const stripe_js_obj = stripe_284;\n                const request_url = 'https:\/\/psynova.fr\/wp-admin\/admin-ajax.php';\n                const payload = new URLSearchParams({\n                    action: 'swpm_stripe_sca_create_checkout_session',\n                    swpm_button_id: 284,\n                    payment_method_types: '',\n                    swpm_page_url: 'https:\/\/psynova.fr\/index.php\/wp-json\/wp\/v2\/pages\/106',\n                    swpm_uniqid: '5429e3db486a3e7f17a605d44e7183a5'\n                });\n                try {\n                    let response = await fetch(request_url ,{\n                        method: 'POST',\n                        headers: {\n                            'Content-Type': 'application\/x-www-form-urlencoded',\n                        },\n                        body: payload\n                    })\n\n                    if (!response.ok) {\n                        \/\/ HTTP error codes (e.g. 404, 500)\n                        throw new Error(\"Error code: \" + response.status);\n                    }\n\n                    response = await response.json();\n\n                    if (!response.error) {\n                        stripe_js_obj.redirectToCheckout({\n                            sessionId: response.session_id\n                        }).then(function (result) {\n                            \/\/\n                        });\n                    } else {\n                        alert(response.error);\n                        submitBUtton?.removeAttribute('disabled');\n                        return false;\n                    }\n\n                } catch (e) {\n                    alert(\"HTTP error occurred during AJAX request. Error: \"+ e.message);\n                    submitBUtton?.removeAttribute('disabled');\n                    return false;\n                }\n            })\n\t\t});\n\t<\/script>\n\t<\/div><button id='284' type='submit' class='stripe-button-el'><span>Payer maintenant<\/span><\/button><\/form><\/div><\/div>\n<\/blockquote>\n\n\n\n<hr class=\"wp-block-separator has-alpha-channel-opacity\"\/>\n\n\n\n<h2 class=\"wp-block-heading\"><strong>Freemium vs <mark style=\"background-color:rgba(0, 0, 0, 0)\" class=\"has-inline-color has-primary-color\">Premium<\/mark> : ce qui fait la diff\u00e9rence<\/strong><\/h2>\n\n\n\n<p>Le Freemium vous aide \u00e0 tenir.<br><strong>Le Premium vous aide \u00e0 \u00e9voluer.<\/strong><\/p>\n\n\n\n<p>Avec le Premium, vous n\u2019\u00eates plus seul entre deux s\u00e9ances.<br>Vous b\u00e9n\u00e9ficiez d\u2019un soutien constant, d\u2019une r\u00e9elle compr\u00e9hension et d\u2019un parcours th\u00e9rapeutique coh\u00e9rent.<\/p>\n\n\n\n<hr class=\"wp-block-separator has-alpha-channel-opacity\"\/>\n\n\n\n<h2 class=\"wp-block-heading\">Quel niveau choisir ?<\/h2>\n\n\n\n<ul class=\"wp-block-list\">\n<li><strong>Vous h\u00e9sitez ?<\/strong> Commencez par le <mark style=\"background-color:rgba(0, 0, 0, 0)\" class=\"has-inline-color has-primary-color\"><strong>Freemium.<\/strong><\/mark><\/li>\n\n\n\n<li><strong>Vous voulez aller mieux, vraiment ?<\/strong> Le <mark style=\"background-color:rgba(0, 0, 0, 0)\" class=\"has-inline-color has-primary-color\"><strong>Premium<\/strong> <\/mark>est fait pour vous.<\/li>\n\n\n\n<li><strong>Vous avez besoin d\u2019un soutien imm\u00e9diat et continu ?<\/strong> Choisissez Premium.<\/li>\n\n\n\n<li><strong>Vous souhaitez simplement explorer Psynova ?<\/strong> Le Freemium suffit pour commencer.<\/li>\n<\/ul>\n\n\n\n<h2 class=\"wp-block-heading\">Quoi que vous choisissiez, <mark style=\"background-color:rgba(0, 0, 0, 0)\" class=\"has-inline-color has-primary-color\"><strong>Psynova vous accompagne<\/strong><\/mark><\/h2>\n\n\n\n<hr class=\"wp-block-separator has-alpha-channel-opacity\"\/>\n\n\n\n<figure class=\"wp-block-table is-style-regular\"><table class=\"has-contrast-color has-text-color has-link-color has-fixed-layout\" style=\"border-width:1px\"><thead><tr><th>Fonction<\/th><th>Freemium<\/th><th>Premium<\/th><\/tr><\/thead><tbody><tr><td>Acc\u00e8s aux IA<\/td><td>1 Psy virtuel pendant 48h<\/td><td>4 Psys virtuels 24h\/24<\/td><\/tr><tr><td>Personnalisation<\/td><td>\u274c<\/td><td>\u2714 avanc\u00e9e<\/td><\/tr><tr><td>M\u00e9moire \u00e9motionnelle<\/td><td>\u274c<\/td><td>\u2714 analyse continue<\/td><\/tr><tr><td>S\u00e9ance avec un Psychologue <\/td><td>1 session d\u00e9couverte<\/td><td>1 consultation avec un Psychologue \/mois<\/td><\/tr><tr><td>Disponibilit\u00e9<\/td><td>Limit\u00e9 \u00e0 48h<\/td><td>Illimit\u00e9 24\/7<\/td><\/tr><tr><td>Exercices<\/td><td>\u274c<\/td><td>Th\u00e9rapeutiques cibl\u00e9s<\/td><\/tr><tr><td>Suivi<\/td><td>\u274c<\/td><td>Supervision par Psychologue dipl\u00f4m\u00e9<\/td><\/tr><tr><td>Bilan \u00e9motionnel<\/td><td>\u274c<\/td><td>Complet + recommandations<\/td><\/tr><tr><td>Prix<\/td><td>0 \u20ac<\/td><td><strong>80 \u20ac\/mois<\/strong><\/td><\/tr><\/tbody><\/table><\/figure>\n<\/div>\n<\/div>\n<\/div><\/div>\n<\/div>\n","protected":false},"excerpt":{"rendered":"","protected":false},"author":1,"featured_media":7,"parent":0,"menu_order":0,"comment_status":"closed","ping_status":"closed","template":"","meta":{"footnotes":""},"class_list":["post-106","page","type-page","status-publish","has-post-thumbnail","hentry"],"_links":{"self":[{"href":"https:\/\/psynova.fr\/index.php\/wp-json\/wp\/v2\/pages\/106","targetHints":{"allow":["GET"]}}],"collection":[{"href":"https:\/\/psynova.fr\/index.php\/wp-json\/wp\/v2\/pages"}],"about":[{"href":"https:\/\/psynova.fr\/index.php\/wp-json\/wp\/v2\/types\/page"}],"author":[{"embeddable":true,"href":"https:\/\/psynova.fr\/index.php\/wp-json\/wp\/v2\/users\/1"}],"replies":[{"embeddable":true,"href":"https:\/\/psynova.fr\/index.php\/wp-json\/wp\/v2\/comments?post=106"}],"version-history":[{"count":46,"href":"https:\/\/psynova.fr\/index.php\/wp-json\/wp\/v2\/pages\/106\/revisions"}],"predecessor-version":[{"id":285,"href":"https:\/\/psynova.fr\/index.php\/wp-json\/wp\/v2\/pages\/106\/revisions\/285"}],"wp:featuredmedia":[{"embeddable":true,"href":"https:\/\/psynova.fr\/index.php\/wp-json\/wp\/v2\/media\/7"}],"wp:attachment":[{"href":"https:\/\/psynova.fr\/index.php\/wp-json\/wp\/v2\/media?parent=106"}],"curies":[{"name":"wp","href":"https:\/\/api.w.org\/{rel}","templated":true}]}}